est common factor of q and s?
1
Suppose -5*w + 4 = -6. Let g be 15/w*(-2)/(-3). Suppose 263 = 5*q - 4*z, -7*q = -3*q - 4*z - 208. What is the greatest common factor of g and q?
5
Let s = -1427 + 1428. Let m be (2/5)/(1/5). Let x(l) = -l + 3. Let v be x(m). Calculate the highest common factor of v and s.
1
Let l(v) be the second derivative of 79*v**3/6 - 2*v**2 + v. Let c = 54 - 52. Let a be l(c). What is the greatest common divisor of a and 14?
14
Let v be 33 + 2*15/(-10). Calculate the greatest common factor of 110 and v.
10
Let j(h) = 12*h - 42. Let u be j(6). Let l be (14 + -2 - -3) + 0. What is the greatest common factor of u and l?
15
Let i be ((-2)/(-5))/(4/(-220)). Let f be 2 + 2 + -4*10. Let y = i - f. Calculate the greatest common factor of y and 112.
14
Suppose 44 = -4*h + 40. Let b = h + 31. Calculate the greatest common factor of 12 and b.
6
Let m = -20 + 20. Suppose 0 = -0*o - 2*o - 4, g + 4*o - 90 = m. Calculate the highest common divisor of 14 and g.
14
Suppose -g + 6*g = b + 28, 0 = 2*g - 5*b - 25. Suppose -81 = -4*s + 3*n, -16 = -s + g*n - 0*n. Let z = s - 12. What is the greatest common divisor of z and 81?
9
Suppose -34 = -3*a - 19. Suppose 2*v = -5*y + v + 136, 0 = -4*y + a*v + 103. What is the highest common divisor of y and 18?
9
Let n be -3*3*(-14)/63. What is the greatest common factor of 58 and n?
2
Let g be -22 - 3*(-4)/3. Let n = 57 + g. What is the highest common divisor of n and 13?
13
Let j be (-2)/(-7) + (-960)/28. Let i be (j/17)/((-2)/45). Calculate the highest common divisor of 15 and i.
15
Let j = -90 + 94. Let u be 3*(4 - (1 - j)). What is the highest common divisor of 42 and u?
21
Suppose 18 = f + 14. Let u be (-66)/(-12) + (-10)/f + 2. Calculate the greatest common divisor of u and 95.
5
Let m be (-7)/(210/12)*35/(-1). Let f(c) = 4*c - 27. Let b be f(12). What is the highest common divisor of m and b?
7
Let c = -40 + 59. Let t = c + -39. Let s = 35 + t. Calculate the highest common factor of 45 and s.
15
Let u = -52 - -80. Let j be 2 - 0 - (-3 + 4). Let y be (j/2)/((-1)/(-140)). Calculate the highest common divisor of u and y.
14
Suppose 273*b - 3640 = 259*b. Calculate the highest common divisor of 325 and b.
65
Let i be -11 - -20 - 8/2. Suppose 3*k + k - 5*t = -122, 3*k + i*t = -74. Let w = k - -42. Calculate the greatest common divisor of w and 14.
14
Let v(u) = -8*u - 6. Let d be v(1). Let b = 6 - d. What is the highest common factor of b and 220?
20
Suppose 3*a - 62 = 4*u, -4*a + 5*u + 28 = -3*a. What is the highest common divisor of 774 and a?
18
Let y be -3 + (1126/(-22) - (-4)/22). Let v = y - -72. What is the highest common divisor of v and 2?
2
Let x = 1654 + -205. What is the greatest common divisor of 138 and x?
69
Suppose -5*w = -33 - 22. Let y be 6/(-4) + 22/4 + 117. What is the highest common factor of y and w?
11
Suppose n + 4*c = 324, 0 = 4*n - 9*n + 4*c + 1548. What is the greatest common divisor of 96 and n?
24
Let w = -10 - -18. Let z(v) = -84*v + 3. Let p be z(-1). Let j = p + -85. What is the highest common divisor of w and j?
2
Suppose 5*i = 2*l + 24, 4*i - l + 2*l - 27 = 0. Let s be 7/21 + 184/i. Calculate the highest common divisor of 217 and s.
31
Suppose -9*a = -11*a. Suppose a = b - t - 44, 76 + 7 = 2*b - 3*t. Let k = b - 22. Calculate the greatest common divisor of 27 and k.
27
Let c = 518 + -510. What is the greatest common factor of 72 and c?
8
Suppose -4*h - 5*n + 32 = 0, 4 - 5 = -3*h + 2*n. Suppose 0 = 3*z - 6*z + h. What is the highest common factor of z and 2?
1
Suppose 0 = -4*w - 90 + 102. Calculate the greatest common divisor of w and 57.
3
Let a = -6 + 10. Suppose a*b - q - q + 2 = 0, -b = 2*q + 13. Let x = b + 4. What is the highest common factor of x and 7?
1
Suppose 79*t - 71*t - 712 = 0. What is the highest common factor of 89 and t?
89
Suppose 7*a + 24 = 11*a. Let v = a + 7. What is the highest common factor of 143 and v?
13
Let o be (-2)/(((-4)/8)/(3/3)). Let j be (-294)/(-15) + o/10. Let b = -11 - -21. Calculate the highest common divisor of b and j.
10
Let x be 2/7 + (-124)/(-7). Let a be ((-12)/4)/(-6) + 27/18. What is the highest common factor of a and x?
2
Let a = 217 - 63. Calculate the highest common divisor of 126 and a.
14
Let m(s) = 9*s + 118. Let g be m(0). Calculate the greatest common factor of 2 and g.
2
Let a(q) = 38*q**2 - 683*q + 6. Let w be a(18). Let n be ((-16)/3)/((-2)/36). What is the greatest common factor of w and n?
24
Let z be (-255)/(-9) - 15/45. Calculate the highest common factor of 4 and z.
4
Suppose -5*q = -m - 2474, 3*q - 8*q + 2482 = -3*m. What is the highest common divisor of q and 26?
26
Suppose -o + 3*f = -5*o - 529, -131 = o + 2*f. Let h = o - -159. Calculate the greatest common factor of h and 208.
26
Let h be (-3 - (-7 + 2)) + 0. Suppose 0 = 4*s + 4*n - 776, 5*s - 962 = n - h*n. Suppose -12*q = -4*q - s. What is the highest common factor of 60 and q?
12
Let d(c) = 5*c**2 + 8*c + 6. Suppose 4 = -12*i - 32. Let m be d(i). What is the highest common factor of m and 81?
27
Let w(x) be the second derivative of x**5/20 + 2*x**4/3 + 7*x**3/6 + 6*x**2 - 14*x. Let g be w(-7). Calculate the highest common divisor of 84 and g.
12
Let d = -203 - -291. Calculate the greatest common divisor of 1012 and d.
44
Suppose 0 = -5*r - 0 - 20. Let s(m) = -3*m - 6. Let c be s(r). Suppose 135 - 405 = -5*a. Calculate the highest common divisor of c and a.
6
Suppose -i = -3*i + 10. Suppose 3*o - 46 = -i*w, 0 = -3*w - 3*o + 33 - 9. Suppose -16*c - 252 = -956. What is the greatest common factor of c and w?
11
Let u(v) = 2*v**3 - 3*v**2 - 3*v + 10. Let n be u(4). Suppose -n*j + 79*j - 72 = 0. Calculate the greatest common factor of j and 9.
9
Let u be (-1)/6 + (-2616)/(-144). What is the highest common divisor of 18 and u?
18
Let h(m) = 6*m**3 + m**2 - m. Let f be h(1). Let d be 4/f + (-364)/(-21). Calculate the highest common divisor of 45 and d.
9
Suppose -b + 33 = 4*x, -6*x = -3*x + 4*b - 28. Let p be (-45)/(-3)*x/6. Suppose 0 = -8*y + 10*y - p. Calculate the greatest common factor of y and 40.
10
Suppose 0 = -2*y + 5*y + 216. Let n be y/(1*1/(-2)). Suppose 5*o + 6*v - v = 80, -16 = -o - 5*v. What is the greatest common factor of n and o?
16
Let f(q) = 3*q**2 - 39*q - 4. Let w be f(13). Let m be 4 + 31 + 20/w. What is the greatest common factor of m and 15?
15
Let y(n) be the third derivative of -11*n**4/24 - n**3/3 - 2*n**2. Let q be y(-2). Let r = -9 - -19. What is the greatest common factor of r and q?
10
Let g(s) = s**2 + 10*s - 198. Let f be g(10). Calculate the greatest common divisor of 41 and f.
1
Let j(t) = 6*t - 50. Let a be j(17). What is the greatest common factor of a and 4?
4
Suppose 0 = -4*n + 5*o + 465, -2*n + 293 = o + 78. What is the highest common divisor of 176 and n?
22
Suppose 4*b + 7*j - 11 = 2*j, 0 = -4*j - 4. Suppose 24 - 6 = 3*p. Calculate the greatest common divisor of p and b.
2
Let q(k) = -22*k. Suppose 0 = -3*n - n - 36. Let o = -11 - n. Let p be q(o). What is the greatest common factor of 22 and p?
22
Let c be 1*2 - (-2 + -100). Let h be 3013/115 + (-2)/10. Let o = 39 - h. Calculate the highest common divisor of c and o.
13
Let w = 584 + -577. Suppose -4*m - z + 257 = 0, 4*m = -m + 2*z + 305. What is the greatest common divisor of m and w?
7
Let k be -9*1*3/(-9). Suppose -i = -4*q + 40, -5*i - 65 = q - 6*q. What is the greatest common divisor of q and k?
3
Suppose -303 = -15*t + 57. Let f be (-2)/5 + 6734/35. What is the greatest common divisor of f and t?
24
Let f be -14 + 310/20 + (-182)/(-4). Calculate the highest common divisor of f and 329.
47
Let f(z) = 37*z**2 + 147*z + 20. Let n be f(-12). What is the greatest common factor of 14 and n?
14
Let c be 10/(-35) - (0 - 2/7). Suppose 3*k - r - 13 - 32 = c, k - 22 = -2*r. Calculate the greatest common divisor of k and 4.
4
Let f = 139 - 111. Suppose 13*l - f = -l. Suppose 4*m = 3 + 1. Calculate the highest common divisor of m and l.
1
Let o be 2/10 + (-1881)/(-95). Let y = -38 + o. Let h be 300/14 + y/42. What is the highest common divisor of 7 and h?
7
Let a = 1 - -25. Let h be (-45)/45 + 1*a. Let u = -34 + 59. What is the greatest common factor of u and h?
25
Let g be 5 + 5 + (0 - 0). Let x be 2/((g/26)/5). What is the highest common divisor of x and 13?
13
Let z 